{"id":16633,"date":"2024-11-14T00:29:31","date_gmt":"2024-11-13T23:29:31","guid":{"rendered":"https:\/\/congolobilelo.com\/IN\/?page_id=16633"},"modified":"2024-11-22T10:16:14","modified_gmt":"2024-11-22T09:16:14","slug":"less","status":"publish","type":"page","link":"https:\/\/congolobilelo.com\/IN\/less\/","title":{"rendered":"L&#8217;essentiel"},"content":{"rendered":"<div class=\"wpb-content-wrapper\"><p>[vc_row heading_color=&#8221;light&#8221; bg_type=&#8221;image&#8221; bg_image=&#8221;16587&#8243; bg_image_type=&#8221;horizontal-parallax-lr&#8221; bg_image_size=&#8221;full&#8221; color_overlay=&#8221;dark&#8221; font_color=&#8221;#ffffff&#8221; min_height=&#8221;200&#8243;][vc_column column_effect=&#8221;mouse-move-x-y&#8221; column_effect_invert=&#8221;true&#8221; width=&#8221;1\/2&#8243;]<div class=\"grve-empty-space grve-height-3x\" style=\"\"><\/div><h1 class=\"grve-element grve-title grve-align-left grve-animated-item grve-duration-normal grve-fade-in-left grve-h1 grve-increase-heading grve-heading-300\" style=\"margin-bottom: 0px;\" data-delay=\"200\"><span>L&#8217;essentiel<\/span><\/h1>[vc_column_text css=&#8221;&#8221; text_style=&#8221;leader-text&#8221; animation=&#8221;grve-fade-in-up&#8221; animation_delay=&#8221;600&#8243;]L\u2019essentiel pour saisir les enjeux de la guerre multiforme men\u00e9e contre le Congo et les congolais.[\/vc_column_text][\/vc_column][vc_column width=&#8221;1\/2&#8243;][\/vc_column][\/vc_row][vc_row][vc_column]<div class=\"grve-element grve-flexible-carousel grve-carousel grve-layout-1 grve-with-gap\" style=\"\"><div class=\"grve-carousel-wrapper\"><div class=\"grve-carousel-navigation grve-dark grve-navigation-1 grve-navigation-carousel\"><div class=\"grve-carousel-buttons\"><div class=\"grve-carousel-prev\"><i class=\"grve-icon-nav-left-small\"><\/i><span class=\"screen-reader-text\">Previous<\/span><\/div><div class=\"grve-carousel-next\"><i class=\"grve-icon-nav-right-small\"><\/i><span class=\"screen-reader-text\">Next<\/span><\/div><\/div><\/div>\t<div class=\"grve-flexible-carousel-element \" data-items=\"2\" data-items-tablet-landscape=\"2\" data-items-tablet-portrait=\"1\" data-items-mobile=\"1\" data-slider-autoplay=\"yes\" data-slider-speed=\"3000\" data-slider-pause=\"no\" data-pagination-speed=\"400\" data-pagination=\"no\" data-slider-autoheight=\"no\"><div class=\"grve-element grve-image-text grve-layout-1 grve-align-left\" style=\"\"><div class=\"grve-image grve-position-left\"><img loading=\"lazy\" decoding=\"async\" width=\"1280\" height=\"841\" src=\"https:\/\/congolobilelo.com\/IN\/wp-content\/uploads\/2024\/11\/Comprendre-la-guerre.jpg\" class=\"attachment-full size-full\" alt=\"\" srcset=\"https:\/\/congolobilelo.com\/IN\/wp-content\/uploads\/2024\/11\/Comprendre-la-guerre.jpg 1280w, https:\/\/congolobilelo.com\/IN\/wp-content\/uploads\/2024\/11\/Comprendre-la-guerre-300x197.jpg 300w, https:\/\/congolobilelo.com\/IN\/wp-content\/uploads\/2024\/11\/Comprendre-la-guerre-1024x673.jpg 1024w, https:\/\/congolobilelo.com\/IN\/wp-content\/uploads\/2024\/11\/Comprendre-la-guerre-768x505.jpg 768w\" sizes=\"auto, (max-width: 1280px) 100vw, 1280px\" \/><\/div>  <div class=\"grve-content grve-position-right grve-align-left\"><h3 class=\"grve-title grve-heading-color grve-h5\">Pour comprendre la guerre men\u00e9e contre le Congo<\/h3>  <p class=\"grve-description\">Parce que nous devons mieux comprendre les v\u00e9ritables enjeux de la guerre au Congo pour mieux agir.<\/p><a href=\"https:\/\/congolobilelo.com\/IN\/essentiel\/clg\/\" title=\"Comprendre la guerre\" class=\"grve-link-text grve-read-more \">Lisez une s\u00e9lection d'articles essentiels<\/a>  <\/div><\/div><div class=\"grve-element grve-image-text grve-layout-1 grve-align-left\" style=\"\"><div class=\"grve-image grve-position-left\"><img loading=\"lazy\" decoding=\"async\" width=\"1024\" height=\"683\" src=\"https:\/\/congolobilelo.com\/IN\/wp-content\/uploads\/2024\/11\/Refonder-le-Congo.jpg\" class=\"attachment-full size-full\" alt=\"\" srcset=\"https:\/\/congolobilelo.com\/IN\/wp-content\/uploads\/2024\/11\/Refonder-le-Congo.jpg 1x,https:\/\/congolobilelo.com\/IN\/wp-content\/uploads\/2024\/11\/Refonder-le-Congo.jpg 2x\" \/><\/div>  <div class=\"grve-content grve-position-right grve-align-left\"><h3 class=\"grve-title grve-heading-color grve-h5\">Pour refonder l'Etat congolais<\/h3>  <p class=\"grve-description\">Parce que nous devons refonder les liens et les relations entre Congolais. Parce que nous devons refonder l\u2019Etat. Parce que nous avons besoin d\u2019un leadership responsable, collaboratif et visionnaire.<\/p><a href=\"https:\/\/congolobilelo.com\/IN\/essentiel\/rlc\/\" title=\"Refonder le Congo\" class=\"grve-link-text grve-read-more \">Lisez une s\u00e9lection d'articles essentiels<\/a>  <\/div><\/div>\t<\/div>  <\/div><\/div>[\/vc_column][\/vc_row][vc_row][vc_column]<div class=\"grve-element grve-flexible-carousel grve-carousel grve-layout-1 grve-with-gap\" style=\"\"><div class=\"grve-carousel-wrapper\"><div class=\"grve-carousel-navigation grve-dark grve-navigation-1 grve-navigation-carousel\"><div class=\"grve-carousel-buttons\"><div class=\"grve-carousel-prev\"><i class=\"grve-icon-nav-left-small\"><\/i><span class=\"screen-reader-text\">Previous<\/span><\/div><div class=\"grve-carousel-next\"><i class=\"grve-icon-nav-right-small\"><\/i><span class=\"screen-reader-text\">Next<\/span><\/div><\/div><\/div>\t<div class=\"grve-flexible-carousel-element \" data-items=\"2\" data-items-tablet-landscape=\"2\" data-items-tablet-portrait=\"1\" data-items-mobile=\"1\" data-slider-autoplay=\"yes\" data-slider-speed=\"3000\" data-slider-pause=\"no\" data-pagination-speed=\"400\" data-pagination=\"no\" data-slider-autoheight=\"no\"><div class=\"grve-element grve-image-text grve-layout-1 grve-align-left\" style=\"\"><div class=\"grve-image grve-position-left\"><img loading=\"lazy\" decoding=\"async\" width=\"960\" height=\"720\" src=\"https:\/\/congolobilelo.com\/IN\/wp-content\/uploads\/2024\/11\/Gagner-la-bataille-des-idees.jpg\" class=\"attachment-full size-full\" alt=\"\" srcset=\"https:\/\/congolobilelo.com\/IN\/wp-content\/uploads\/2024\/11\/Gagner-la-bataille-des-idees.jpg 960w, https:\/\/congolobilelo.com\/IN\/wp-content\/uploads\/2024\/11\/Gagner-la-bataille-des-idees-300x225.jpg 300w, https:\/\/congolobilelo.com\/IN\/wp-content\/uploads\/2024\/11\/Gagner-la-bataille-des-idees-768x576.jpg 768w, https:\/\/congolobilelo.com\/IN\/wp-content\/uploads\/2024\/11\/Gagner-la-bataille-des-idees-560x420.jpg 560w, https:\/\/congolobilelo.com\/IN\/wp-content\/uploads\/2024\/11\/Gagner-la-bataille-des-idees-900x675.jpg 900w\" sizes=\"auto, (max-width: 960px) 100vw, 960px\" \/><\/div>  <div class=\"grve-content grve-position-right grve-align-left\"><h3 class=\"grve-title grve-heading-color grve-h5\">Pour gagner la guerre des id\u00e9es<\/h3>  <p class=\"grve-description\">Parce que la grande r\u00e9volution que nous devons mener est id\u00e9ologique. Parce que nous devons d\u00e9finir une vision, un agenda, des protocoles.<\/p><a href=\"https:\/\/congolobilelo.com\/IN\/essentiel\/gli\/\" title=\"Gagner la guerre des id\u00e9es\" class=\"grve-link-text grve-read-more \">Lisez une s\u00e9lection d'articles essentiels<\/a>  <\/div><\/div><div class=\"grve-element grve-image-text grve-layout-1 grve-align-left\" style=\"\"><div class=\"grve-image grve-position-left\"><img loading=\"lazy\" decoding=\"async\" width=\"2560\" height=\"1700\" src=\"https:\/\/congolobilelo.com\/IN\/wp-content\/uploads\/2024\/11\/Travailler-au-panafricanisme-des-peuples-scaled.jpg\" class=\"attachment-full size-full\" alt=\"\" srcset=\"https:\/\/congolobilelo.com\/IN\/wp-content\/uploads\/2024\/11\/Travailler-au-panafricanisme-des-peuples-scaled.jpg 2560w, https:\/\/congolobilelo.com\/IN\/wp-content\/uploads\/2024\/11\/Travailler-au-panafricanisme-des-peuples-300x199.jpg 300w, https:\/\/congolobilelo.com\/IN\/wp-content\/uploads\/2024\/11\/Travailler-au-panafricanisme-des-peuples-1024x680.jpg 1024w, https:\/\/congolobilelo.com\/IN\/wp-content\/uploads\/2024\/11\/Travailler-au-panafricanisme-des-peuples-768x510.jpg 768w, https:\/\/congolobilelo.com\/IN\/wp-content\/uploads\/2024\/11\/Travailler-au-panafricanisme-des-peuples-1536x1020.jpg 1536w, https:\/\/congolobilelo.com\/IN\/wp-content\/uploads\/2024\/11\/Travailler-au-panafricanisme-des-peuples-1920x1275.jpg 1920w\" sizes=\"auto, (max-width: 2560px) 100vw, 2560px\" \/><\/div>  <div class=\"grve-content grve-position-right grve-align-left\"><h3 class=\"grve-title grve-heading-color grve-h5\">Pour travailler au panafricanisme des peuples<\/h3>  <p class=\"grve-description\">Parce que le devenir de l\u2019Afrique d\u00e9pend en grande partie de ce que les Congolais, avec les autres africains, pourront faire du Congo.<\/p><a href=\"https:\/\/congolobilelo.com\/IN\/essentiel\/tpp\/\" title=\"Travailler au panafricanisme des peuples\" class=\"grve-link-text grve-read-more \">Lisez une s\u00e9lection d'articles essentiels<\/a>  <\/div><\/div>\t<\/div>  <\/div><\/div>[\/vc_column][\/vc_row][vc_row heading_color=&#8221;light&#8221; bg_type=&#8221;color&#8221; padding_top_multiplier=&#8221;5x&#8221; padding_bottom_multiplier=&#8221;5x&#8221; bg_color=&#8221;#1c1f21&#8243; font_color=&#8221;#ffffff&#8221;][vc_column column_effect=&#8221;vertical-parallax&#8221; column_effect_limit=&#8221;3x&#8221; column_effect_invert=&#8221;true&#8221;]<h3 class=\"grve-element grve-title grve-align-center grve-h1 grve-custom-font-1 grve-increase-heading grve-heading-140\" style=\"\"><span>&#8220;Le nerf de la guerre, ce n&#8217;est pas l&#8217;argent, mais c&#8217;est d&#8217;abord nous, des femmes et des hommes congolais.&#8221;<br \/>\n<span style=\"color: #0080ff;\">&#8211; Mufoncol Tshiyoyo<\/span><\/span><\/h3>[\/vc_column][\/vc_row]<\/p>\n<\/div>","protected":false},"excerpt":{"rendered":"<p>[vc_row heading_color=&#8221;light&#8221; bg_type=&#8221;image&#8221; bg_image=&#8221;16587&#8243; bg_image_type=&#8221;horizontal-parallax-lr&#8221; bg_image_size=&#8221;full&#8221; color_overlay=&#8221;dark&#8221; font_color=&#8221;#ffffff&#8221; min_height=&#8221;200&#8243;][vc_column column_effect=&#8221;mouse-move-x-y&#8221; column_effect_invert=&#8221;true&#8221; width=&#8221;1\/2&#8243;][vc_column_text css=&#8221;&#8221; text_style=&#8221;leader-text&#8221; animation=&#8221;grve-fade-in-up&#8221; animation_delay=&#8221;600&#8243;]L\u2019essentiel pour saisir les enjeux de la guerre multiforme men\u00e9e contre le Congo et les congolais.[\/vc_column_text][\/vc_column][vc_column width=&#8221;1\/2&#8243;][\/vc_column][\/vc_row][vc_row][vc_column][\/vc_column][\/vc_row][vc_row][vc_column][\/vc_column][\/vc_row][vc_row heading_color=&#8221;light&#8221; bg_type=&#8221;color&#8221; padding_top_multiplier=&#8221;5x&#8221; padding_bottom_multiplier=&#8221;5x&#8221; bg_color=&#8221;#1c1f21&#8243; font_color=&#8221;#ffffff&#8221;][vc_column column_effect=&#8221;vertical-parallax&#8221; column_effect_limit=&#8221;3x&#8221; column_effect_invert=&#8221;true&#8221;][\/vc_column][\/vc_row]<\/p>\n","protected":false},"author":1,"featured_media":0,"parent":0,"menu_order":0,"comment_status":"closed","ping_status":"closed","template":"","meta":{"_acf_changed":false,"content-type":"","footnotes":""},"class_list":["post-16633","page","type-page","status-publish","hentry"],"acf":[],"_links":{"self":[{"href":"https:\/\/congolobilelo.com\/IN\/wp-json\/wp\/v2\/pages\/16633","targetHints":{"allow":["GET"]}}],"collection":[{"href":"https:\/\/congolobilelo.com\/IN\/wp-json\/wp\/v2\/pages"}],"about":[{"href":"https:\/\/congolobilelo.com\/IN\/wp-json\/wp\/v2\/types\/page"}],"author":[{"embeddable":true,"href":"https:\/\/congolobilelo.com\/IN\/wp-json\/wp\/v2\/users\/1"}],"replies":[{"embeddable":true,"href":"https:\/\/congolobilelo.com\/IN\/wp-json\/wp\/v2\/comments?post=16633"}],"version-history":[{"count":5,"href":"https:\/\/congolobilelo.com\/IN\/wp-json\/wp\/v2\/pages\/16633\/revisions"}],"predecessor-version":[{"id":16873,"href":"https:\/\/congolobilelo.com\/IN\/wp-json\/wp\/v2\/pages\/16633\/revisions\/16873"}],"wp:attachment":[{"href":"https:\/\/congolobilelo.com\/IN\/wp-json\/wp\/v2\/media?parent=16633"}],"curies":[{"name":"wp","href":"https:\/\/api.w.org\/{rel}","templated":true}]}}

<div class="wpb-content-wrapper"><p>[vc_row heading_color=&#8221;light&#8221; bg_type=&#8221;image&#8221; bg_image=&#8221;16587&#8243; bg_image_type=&#8221;horizontal-parallax-lr&#8221; bg_image_size=&#8221;full&#8221; color_overlay=&#8221;dark&#8221; font_color=&#8221;#ffffff&#8221; min_height=&#8221;200&#8243;][vc_column column_effect=&#8221;mouse-move-x-y&#8221; column_effect_invert=&#8221;true&#8221; width=&#8221;1/2&#8243;]<div class="grve-empty-space grve-height-3x" style=""></div><h1 class="grve-element grve-title grve-align-left grve-animated-item grve-duration-normal grve-fade-in-left grve-h1 grve-increase-heading grve-heading-300" style="margin-bottom: 0px;" data-delay="200"><span>L&#8217;essentiel</span></h1>[vc_column_text css=&#8221;&#8221; text_style=&#8221;leader-text&#8221; animation=&#8221;grve-fade-in-up&#8221; animation_delay=&#8221;600&#8243;]L’essentiel pour saisir les enjeux de la guerre multiforme menée contre le Congo et les congolais.[/vc_column_text][/vc_column][vc_column width=&#8221;1/2&#8243;][/vc_column][/vc_row][vc_row][vc_column]<div class="grve-element grve-flexible-carousel grve-carousel grve-layout-1 grve-with-gap" style=""><div class="grve-carousel-wrapper"><div class="grve-carousel-navigation grve-dark grve-navigation-1 grve-navigation-carousel"><div class="grve-carousel-buttons"><div class="grve-carousel-prev"><i class="grve-icon-nav-left-small"></i><span class="screen-reader-text">Previous</span></div><div class="grve-carousel-next"><i class="grve-icon-nav-right-small"></i><span class="screen-reader-text">Next</span></div></div></div>	<div class="grve-flexible-carousel-element " data-items="2" data-items-tablet-landscape="2" data-items-tablet-portrait="1" data-items-mobile="1" data-slider-autoplay="yes" data-slider-speed="3000" data-slider-pause="no" data-pagination-speed="400" data-pagination="no" data-slider-autoheight="no"><div class="grve-element grve-image-text grve-layout-1 grve-align-left" style=""><div class="grve-image grve-position-left"><img loading="lazy" decoding="async" width="1280" height="841" src="https://congolobilelo.com/IN/wp-content/uploads/2024/11/Comprendre-la-guerre.jpg" class="attachment-full size-full" alt="" srcset="https://congolobilelo.com/IN/wp-content/uploads/2024/11/Comprendre-la-guerre.jpg 1280w, https://congolobilelo.com/IN/wp-content/uploads/2024/11/Comprendre-la-guerre-300x197.jpg 300w, https://congolobilelo.com/IN/wp-content/uploads/2024/11/Comprendre-la-guerre-1024x673.jpg 1024w, https://congolobilelo.com/IN/wp-content/uploads/2024/11/Comprendre-la-guerre-768x505.jpg 768w" sizes="auto, (max-width: 1280px) 100vw, 1280px" /></div>  <div class="grve-content grve-position-right grve-align-left"><h3 class="grve-title grve-heading-color grve-h5">Pour comprendre la guerre menée contre le Congo</h3>  <p class="grve-description">Parce que nous devons mieux comprendre les véritables enjeux de la guerre au Congo pour mieux agir.</p><a href="https://congolobilelo.com/IN/essentiel/clg/" title="Comprendre la guerre" class="grve-link-text grve-read-more ">Lisez une sélection d'articles essentiels</a>  </div></div><div class="grve-element grve-image-text grve-layout-1 grve-align-left" style=""><div class="grve-image grve-position-left"><img loading="lazy" decoding="async" width="1024" height="683" src="https://congolobilelo.com/IN/wp-content/uploads/2024/11/Refonder-le-Congo.jpg" class="attachment-full size-full" alt="" srcset="https://congolobilelo.com/IN/wp-content/uploads/2024/11/Refonder-le-Congo.jpg 1x,https://congolobilelo.com/IN/wp-content/uploads/2024/11/Refonder-le-Congo.jpg 2x" /></div>  <div class="grve-content grve-position-right grve-align-left"><h3 class="grve-title grve-heading-color grve-h5">Pour refonder l'Etat congolais</h3>  <p class="grve-description">Parce que nous devons refonder les liens et les relations entre Congolais. Parce que nous devons refonder l’Etat. Parce que nous avons besoin d’un leadership responsable, collaboratif et visionnaire.</p><a href="https://congolobilelo.com/IN/essentiel/rlc/" title="Refonder le Congo" class="grve-link-text grve-read-more ">Lisez une sélection d'articles essentiels</a>  </div></div>	</div>  </div></div>[/vc_column][/vc_row][vc_row][vc_column]<div class="grve-element grve-flexible-carousel grve-carousel grve-layout-1 grve-with-gap" style=""><div class="grve-carousel-wrapper"><div class="grve-carousel-navigation grve-dark grve-navigation-1 grve-navigation-carousel"><div class="grve-carousel-buttons"><div class="grve-carousel-prev"><i class="grve-icon-nav-left-small"></i><span class="screen-reader-text">Previous</span></div><div class="grve-carousel-next"><i class="grve-icon-nav-right-small"></i><span class="screen-reader-text">Next</span></div></div></div>	<div class="grve-flexible-carousel-element " data-items="2" data-items-tablet-landscape="2" data-items-tablet-portrait="1" data-items-mobile="1" data-slider-autoplay="yes" data-slider-speed="3000" data-slider-pause="no" data-pagination-speed="400" data-pagination="no" data-slider-autoheight="no"><div class="grve-element grve-image-text grve-layout-1 grve-align-left" style=""><div class="grve-image grve-position-left"><img loading="lazy" decoding="async" width="960" height="720" src="https://congolobilelo.com/IN/wp-content/uploads/2024/11/Gagner-la-bataille-des-idees.jpg" class="attachment-full size-full" alt="" srcset="https://congolobilelo.com/IN/wp-content/uploads/2024/11/Gagner-la-bataille-des-idees.jpg 960w, https://congolobilelo.com/IN/wp-content/uploads/2024/11/Gagner-la-bataille-des-idees-300x225.jpg 300w, https://congolobilelo.com/IN/wp-content/uploads/2024/11/Gagner-la-bataille-des-idees-768x576.jpg 768w, https://congolobilelo.com/IN/wp-content/uploads/2024/11/Gagner-la-bataille-des-idees-560x420.jpg 560w, https://congolobilelo.com/IN/wp-content/uploads/2024/11/Gagner-la-bataille-des-idees-900x675.jpg 900w" sizes="auto, (max-width: 960px) 100vw, 960px" /></div>  <div class="grve-content grve-position-right grve-align-left"><h3 class="grve-title grve-heading-color grve-h5">Pour gagner la guerre des idées</h3>  <p class="grve-description">Parce que la grande révolution que nous devons mener est idéologique. Parce que nous devons définir une vision, un agenda, des protocoles.</p><a href="https://congolobilelo.com/IN/essentiel/gli/" title="Gagner la guerre des idées" class="grve-link-text grve-read-more ">Lisez une sélection d'articles essentiels</a>  </div></div><div class="grve-element grve-image-text grve-layout-1 grve-align-left" style=""><div class="grve-image grve-position-left"><img loading="lazy" decoding="async" width="2560" height="1700" src="https://congolobilelo.com/IN/wp-content/uploads/2024/11/Travailler-au-panafricanisme-des-peuples-scaled.jpg" class="attachment-full size-full" alt="" srcset="https://congolobilelo.com/IN/wp-content/uploads/2024/11/Travailler-au-panafricanisme-des-peuples-scaled.jpg 2560w, https://congolobilelo.com/IN/wp-content/uploads/2024/11/Travailler-au-panafricanisme-des-peuples-300x199.jpg 300w, https://congolobilelo.com/IN/wp-content/uploads/2024/11/Travailler-au-panafricanisme-des-peuples-1024x680.jpg 1024w, https://congolobilelo.com/IN/wp-content/uploads/2024/11/Travailler-au-panafricanisme-des-peuples-768x510.jpg 768w, https://congolobilelo.com/IN/wp-content/uploads/2024/11/Travailler-au-panafricanisme-des-peuples-1536x1020.jpg 1536w, https://congolobilelo.com/IN/wp-content/uploads/2024/11/Travailler-au-panafricanisme-des-peuples-1920x1275.jpg 1920w" sizes="auto, (max-width: 2560px) 100vw, 2560px" /></div>  <div class="grve-content grve-position-right grve-align-left"><h3 class="grve-title grve-heading-color grve-h5">Pour travailler au panafricanisme des peuples</h3>  <p class="grve-description">Parce que le devenir de l’Afrique dépend en grande partie de ce que les Congolais, avec les autres africains, pourront faire du Congo.</p><a href="https://congolobilelo.com/IN/essentiel/tpp/" title="Travailler au panafricanisme des peuples" class="grve-link-text grve-read-more ">Lisez une sélection d'articles essentiels</a>  </div></div>	</div>  </div></div>[/vc_column][/vc_row][vc_row heading_color=&#8221;light&#8221; bg_type=&#8221;color&#8221; padding_top_multiplier=&#8221;5x&#8221; padding_bottom_multiplier=&#8221;5x&#8221; bg_color=&#8221;#1c1f21&#8243; font_color=&#8221;#ffffff&#8221;][vc_column column_effect=&#8221;vertical-parallax&#8221; column_effect_limit=&#8221;3x&#8221; column_effect_invert=&#8221;true&#8221;]<h3 class="grve-element grve-title grve-align-center grve-h1 grve-custom-font-1 grve-increase-heading grve-heading-140" style=""><span>&#8220;Le nerf de la guerre, ce n&#8217;est pas l&#8217;argent, mais c&#8217;est d&#8217;abord nous, des femmes et des hommes congolais.&#8221;<br />
<span style="color: #0080ff;">&#8211; Mufoncol Tshiyoyo</span></span></h3>[/vc_column][/vc_row]</p>
</div>

<p>[vc_row heading_color=&#8221;light&#8221; bg_type=&#8221;image&#8221; bg_image=&#8221;16587&#8243; bg_image_type=&#8221;horizontal-parallax-lr&#8221; bg_image_size=&#8221;full&#8221; color_overlay=&#8221;dark&#8221; font_color=&#8221;#ffffff&#8221; min_height=&#8221;200&#8243;][vc_column column_effect=&#8221;mouse-move-x-y&#8221; column_effect_invert=&#8221;true&#8221; width=&#8221;1/2&#8243;][vc_column_text css=&#8221;&#8221; text_style=&#8221;leader-text&#8221; animation=&#8221;grve-fade-in-up&#8221; animation_delay=&#8221;600&#8243;]L’essentiel pour saisir les enjeux de la guerre multiforme menée contre le Congo et les congolais.[/vc_column_text][/vc_column][vc_column width=&#8221;1/2&#8243;][/vc_column][/vc_row][vc_row][vc_column][/vc_column][/vc_row][vc_row][vc_column][/vc_column][/vc_row][vc_row heading_color=&#8221;light&#8221; bg_type=&#8221;color&#8221; padding_top_multiplier=&#8221;5x&#8221; padding_bottom_multiplier=&#8221;5x&#8221; bg_color=&#8221;#1c1f21&#8243; font_color=&#8221;#ffffff&#8221;][vc_column column_effect=&#8221;vertical-parallax&#8221; column_effect_limit=&#8221;3x&#8221; column_effect_invert=&#8221;true&#8221;][/vc_column][/vc_row]</p>
