{"id":16617,"date":"2024-11-13T14:34:24","date_gmt":"2024-11-13T13:34:24","guid":{"rendered":"https:\/\/congolobilelo.com\/IN\/?page_id=16617"},"modified":"2024-11-22T10:02:14","modified_gmt":"2024-11-22T09:02:14","slug":"ejx","status":"publish","type":"page","link":"https:\/\/congolobilelo.com\/IN\/ejx\/","title":{"rendered":"Enjeux"},"content":{"rendered":"<div class=\"wpb-content-wrapper\"><p>[vc_row heading_color=&#8221;light&#8221; bg_type=&#8221;image&#8221; bg_image=&#8221;16587&#8243; bg_image_type=&#8221;horizontal-parallax-lr&#8221; bg_image_size=&#8221;full&#8221; color_overlay=&#8221;dark&#8221; font_color=&#8221;#ffffff&#8221; min_height=&#8221;200&#8243;][vc_column column_effect=&#8221;mouse-move-x-y&#8221; column_effect_invert=&#8221;true&#8221; width=&#8221;1\/2&#8243;]<div class=\"grve-empty-space grve-height-3x\" style=\"\"><\/div><h1 class=\"grve-element grve-title grve-align-left grve-animated-item grve-duration-normal grve-fade-in-left grve-h1 grve-increase-heading grve-heading-300\" style=\"margin-bottom: 0px;\" data-delay=\"200\"><span>Enjeux<\/span><\/h1>[vc_column_text css=&#8221;&#8221; text_style=&#8221;leader-text&#8221; animation=&#8221;grve-fade-in-up&#8221; animation_delay=&#8221;600&#8243;]Ingeta.com aborde une multitude de sujets concernant le Congo-Kinshasa et met l&#8217;acc\u00e8s sur les enjeux principaux du pays.[\/vc_column_text][\/vc_column][vc_column width=&#8221;1\/2&#8243;][\/vc_column][\/vc_row][vc_row section_type=&#8221;fullwidth&#8221; padding_top_multiplier=&#8221;&#8221; padding_bottom_multiplier=&#8221;&#8221; columns_gap=&#8221;none&#8221;][vc_column]<div class=\"grve-element grve-image-text grve-animated-item grve-fade-in-up grve-duration-normal grve-layout-1 grve-align-left\" style=\"\" data-delay=\"200\"><div class=\"grve-image grve-position-left\"><img loading=\"lazy\" decoding=\"async\" width=\"1280\" height=\"841\" src=\"https:\/\/congolobilelo.com\/IN\/wp-content\/uploads\/2024\/11\/Comprendre-la-guerre.jpg\" class=\"attachment-full size-full\" alt=\"\" srcset=\"https:\/\/congolobilelo.com\/IN\/wp-content\/uploads\/2024\/11\/Comprendre-la-guerre.jpg 1280w, https:\/\/congolobilelo.com\/IN\/wp-content\/uploads\/2024\/11\/Comprendre-la-guerre-300x197.jpg 300w, https:\/\/congolobilelo.com\/IN\/wp-content\/uploads\/2024\/11\/Comprendre-la-guerre-1024x673.jpg 1024w, https:\/\/congolobilelo.com\/IN\/wp-content\/uploads\/2024\/11\/Comprendre-la-guerre-768x505.jpg 768w\" sizes=\"auto, (max-width: 1280px) 100vw, 1280px\" \/><\/div>  <div class=\"grve-content grve-position-right grve-align-left\"><h3 class=\"grve-title grve-heading-color grve-h3\">Comprendre la guerre<\/h3>  <p class=\"grve-description\">Parce que nous devons mieux comprendre les v\u00e9ritables enjeux de la guerre (multiforme) en R\u00e9publique D\u00e9mocratique du Congo pour mieux agir.<\/p><a href=\"https:\/\/congolobilelo.com\/IN\/enjeux\/comprendre\/\" title=\"Comprendre la guerre\" class=\"grve-link-text grve-read-more \">Acc\u00e9dez aux articles<\/a>  <\/div><\/div><div class=\"grve-element grve-image-text grve-animated-item grve-fade-in-up grve-duration-normal grve-layout-1 grve-align-right\" style=\"\" data-delay=\"300\"><div class=\"grve-image grve-position-right\"><img loading=\"lazy\" decoding=\"async\" width=\"1024\" height=\"683\" src=\"https:\/\/congolobilelo.com\/IN\/wp-content\/uploads\/2024\/11\/Refonder-le-Congo.jpg\" class=\"attachment-full size-full\" alt=\"\" srcset=\"https:\/\/congolobilelo.com\/IN\/wp-content\/uploads\/2024\/11\/Refonder-le-Congo.jpg 1024w, https:\/\/congolobilelo.com\/IN\/wp-content\/uploads\/2024\/11\/Refonder-le-Congo-300x200.jpg 300w, https:\/\/congolobilelo.com\/IN\/wp-content\/uploads\/2024\/11\/Refonder-le-Congo-768x512.jpg 768w\" sizes=\"auto, (max-width: 1024px) 100vw, 1024px\" \/><\/div>  <div class=\"grve-content grve-position-left grve-align-left\"><h3 class=\"grve-title grve-heading-color grve-h3\">Refonder le Congo<\/h3>  <p class=\"grve-description\">Parce que nous devons refonder les liens et les relations entre Congolais. Parce que nous avons besoin d\u2019un leadership responsable, collaboratif et visionnaire.<\/p><a href=\"https:\/\/congolobilelo.com\/IN\/enjeux\/refonder\/\" title=\"Refonder le Congo\" class=\"grve-link-text grve-read-more \">Acc\u00e9dez aux articles<\/a>  <\/div><\/div>[\/vc_column][\/vc_row][vc_row section_type=&#8221;fullwidth&#8221; padding_top_multiplier=&#8221;&#8221; padding_bottom_multiplier=&#8221;&#8221; columns_gap=&#8221;none&#8221;][vc_column]<div class=\"grve-element grve-image-text grve-animated-item grve-fade-in-up grve-duration-normal grve-layout-1 grve-align-left\" style=\"\" data-delay=\"200\"><div class=\"grve-image grve-position-left\"><img loading=\"lazy\" decoding=\"async\" width=\"960\" height=\"720\" src=\"https:\/\/congolobilelo.com\/IN\/wp-content\/uploads\/2024\/11\/Gagner-la-bataille-des-idees.jpg\" class=\"attachment-full size-full\" alt=\"\" srcset=\"https:\/\/congolobilelo.com\/IN\/wp-content\/uploads\/2024\/11\/Gagner-la-bataille-des-idees.jpg 960w, https:\/\/congolobilelo.com\/IN\/wp-content\/uploads\/2024\/11\/Gagner-la-bataille-des-idees-300x225.jpg 300w, https:\/\/congolobilelo.com\/IN\/wp-content\/uploads\/2024\/11\/Gagner-la-bataille-des-idees-768x576.jpg 768w, https:\/\/congolobilelo.com\/IN\/wp-content\/uploads\/2024\/11\/Gagner-la-bataille-des-idees-560x420.jpg 560w, https:\/\/congolobilelo.com\/IN\/wp-content\/uploads\/2024\/11\/Gagner-la-bataille-des-idees-900x675.jpg 900w\" sizes=\"auto, (max-width: 960px) 100vw, 960px\" \/><\/div>  <div class=\"grve-content grve-position-right grve-align-left\"><h3 class=\"grve-title grve-heading-color grve-h3\">Gagner la bataille des id\u00e9es<\/h3>  <p class=\"grve-description\">Parce que la grande r\u00e9volution que nous devons mener est id\u00e9ologique. Parce que nous devons d\u00e9finir une vision, un agenda, des protocoles.<\/p><a href=\"https:\/\/congolobilelo.com\/IN\/enjeux\/gagner\/\" title=\"Gagner la guerre des id\u00e9es\" class=\"grve-link-text grve-read-more \">Acc\u00e9dez aux articles<\/a>  <\/div><\/div><div class=\"grve-element grve-image-text grve-animated-item grve-fade-in-up grve-duration-normal grve-layout-1 grve-align-right\" style=\"\" data-delay=\"300\"><div class=\"grve-image grve-position-right\"><img loading=\"lazy\" decoding=\"async\" width=\"1600\" height=\"1059\" src=\"https:\/\/congolobilelo.com\/IN\/wp-content\/uploads\/2024\/11\/Reconquerir-nos-terres.jpg\" class=\"attachment-full size-full\" alt=\"\" srcset=\"https:\/\/congolobilelo.com\/IN\/wp-content\/uploads\/2024\/11\/Reconquerir-nos-terres.jpg 1600w, https:\/\/congolobilelo.com\/IN\/wp-content\/uploads\/2024\/11\/Reconquerir-nos-terres-300x199.jpg 300w, https:\/\/congolobilelo.com\/IN\/wp-content\/uploads\/2024\/11\/Reconquerir-nos-terres-1024x678.jpg 1024w, https:\/\/congolobilelo.com\/IN\/wp-content\/uploads\/2024\/11\/Reconquerir-nos-terres-768x508.jpg 768w, https:\/\/congolobilelo.com\/IN\/wp-content\/uploads\/2024\/11\/Reconquerir-nos-terres-1536x1017.jpg 1536w\" sizes=\"auto, (max-width: 1600px) 100vw, 1600px\" \/><\/div>  <div class=\"grve-content grve-position-left grve-align-left\"><h3 class=\"grve-title grve-heading-color grve-h3\">Reconqu\u00e9rir nos terres<\/h3>  <p class=\"grve-description\">Parce que nous devons lier la question de la souverainet\u00e9, \u00e0 la question de la terre, de l\u2019enracinement.<\/p><a href=\"https:\/\/congolobilelo.com\/IN\/enjeux\/reconquerir\/\" title=\"Reconqu\u00e9rir nos terres\" class=\"grve-link-text grve-read-more \">Acc\u00e9dez aux articles<\/a>  <\/div><\/div>[\/vc_column][\/vc_row][vc_row section_type=&#8221;fullwidth&#8221; padding_top_multiplier=&#8221;&#8221; padding_bottom_multiplier=&#8221;&#8221; columns_gap=&#8221;none&#8221;][vc_column]<div class=\"grve-element grve-image-text grve-animated-item grve-fade-in-up grve-duration-normal grve-layout-1 grve-align-left\" style=\"\" data-delay=\"200\"><div class=\"grve-image grve-position-left\"><img loading=\"lazy\" decoding=\"async\" width=\"960\" height=\"678\" src=\"https:\/\/congolobilelo.com\/IN\/wp-content\/uploads\/2024\/11\/Restaurer-la-dignite.jpg\" class=\"attachment-full size-full\" alt=\"\" srcset=\"https:\/\/congolobilelo.com\/IN\/wp-content\/uploads\/2024\/11\/Restaurer-la-dignite.jpg 960w, https:\/\/congolobilelo.com\/IN\/wp-content\/uploads\/2024\/11\/Restaurer-la-dignite-300x212.jpg 300w, https:\/\/congolobilelo.com\/IN\/wp-content\/uploads\/2024\/11\/Restaurer-la-dignite-768x542.jpg 768w\" sizes=\"auto, (max-width: 960px) 100vw, 960px\" \/><\/div>  <div class=\"grve-content grve-position-right grve-align-left\"><h3 class=\"grve-title grve-heading-color grve-h3\">Restaurer la dignit\u00e9<\/h3>  <p class=\"grve-description\">Parce que nous devons nous engager dans une r\u00e9volution de valeurs. Parce que nous devons nous organiser de mani\u00e8re \u00e0 d\u00e9fendre nos droits et notre dignit\u00e9.<\/p><a href=\"https:\/\/congolobilelo.com\/IN\/enjeux\/restaurer\/\" title=\"Restaurer la dignit\u00e9\" class=\"grve-link-text grve-read-more \">Acc\u00e9dez aux articles<\/a>  <\/div><\/div><div class=\"grve-element grve-image-text grve-animated-item grve-fade-in-up grve-duration-normal grve-layout-1 grve-align-right\" style=\"\" data-delay=\"300\"><div class=\"grve-image grve-position-right\"><img loading=\"lazy\" decoding=\"async\" width=\"2560\" height=\"1700\" src=\"https:\/\/congolobilelo.com\/IN\/wp-content\/uploads\/2024\/11\/Travailler-au-panafricanisme-des-peuples-scaled.jpg\" class=\"attachment-full size-full\" alt=\"\" srcset=\"https:\/\/congolobilelo.com\/IN\/wp-content\/uploads\/2024\/11\/Travailler-au-panafricanisme-des-peuples-scaled.jpg 2560w, https:\/\/congolobilelo.com\/IN\/wp-content\/uploads\/2024\/11\/Travailler-au-panafricanisme-des-peuples-300x199.jpg 300w, https:\/\/congolobilelo.com\/IN\/wp-content\/uploads\/2024\/11\/Travailler-au-panafricanisme-des-peuples-1024x680.jpg 1024w, https:\/\/congolobilelo.com\/IN\/wp-content\/uploads\/2024\/11\/Travailler-au-panafricanisme-des-peuples-768x510.jpg 768w, https:\/\/congolobilelo.com\/IN\/wp-content\/uploads\/2024\/11\/Travailler-au-panafricanisme-des-peuples-1536x1020.jpg 1536w, https:\/\/congolobilelo.com\/IN\/wp-content\/uploads\/2024\/11\/Travailler-au-panafricanisme-des-peuples-1920x1275.jpg 1920w\" sizes=\"auto, (max-width: 2560px) 100vw, 2560px\" \/><\/div>  <div class=\"grve-content grve-position-left grve-align-left\"><h3 class=\"grve-title grve-heading-color grve-h3\">Travailler au panafricanisme des peuples<\/h3>  <p class=\"grve-description\">Parce que le devenir de l\u2019Afrique d\u00e9pend en grande partie de ce que les Congolais, avec les autres africains, pourront faire du Congo.<\/p><a href=\"https:\/\/congolobilelo.com\/IN\/enjeux\/reconquerir\/\" title=\"Reconqu\u00e9rir nos terres\" class=\"grve-link-text grve-read-more \">Acc\u00e9dez aux articles<\/a>  <\/div><\/div>[\/vc_column][\/vc_row]<\/p>\n<\/div>","protected":false},"excerpt":{"rendered":"<p>[vc_row heading_color=&#8221;light&#8221; bg_type=&#8221;image&#8221; bg_image=&#8221;16587&#8243; bg_image_type=&#8221;horizontal-parallax-lr&#8221; bg_image_size=&#8221;full&#8221; color_overlay=&#8221;dark&#8221; font_color=&#8221;#ffffff&#8221; min_height=&#8221;200&#8243;][vc_column column_effect=&#8221;mouse-move-x-y&#8221; column_effect_invert=&#8221;true&#8221; width=&#8221;1\/2&#8243;][vc_column_text css=&#8221;&#8221; text_style=&#8221;leader-text&#8221; animation=&#8221;grve-fade-in-up&#8221; animation_delay=&#8221;600&#8243;]Ingeta.com aborde une multitude de sujets concernant le Congo-Kinshasa et met l&#8217;acc\u00e8s sur les enjeux principaux du pays.[\/vc_column_text][\/vc_column][vc_column width=&#8221;1\/2&#8243;][\/vc_column][\/vc_row][vc_row section_type=&#8221;fullwidth&#8221; padding_top_multiplier=&#8221;&#8221; padding_bottom_multiplier=&#8221;&#8221; columns_gap=&#8221;none&#8221;][vc_column][\/vc_column][\/vc_row][vc_row section_type=&#8221;fullwidth&#8221; padding_top_multiplier=&#8221;&#8221; padding_bottom_multiplier=&#8221;&#8221; columns_gap=&#8221;none&#8221;][vc_column][\/vc_column][\/vc_row][vc_row section_type=&#8221;fullwidth&#8221; padding_top_multiplier=&#8221;&#8221; padding_bottom_multiplier=&#8221;&#8221; columns_gap=&#8221;none&#8221;][vc_column][\/vc_column][\/vc_row]<\/p>\n","protected":false},"author":1,"featured_media":0,"parent":0,"menu_order":0,"comment_status":"closed","ping_status":"closed","template":"","meta":{"_acf_changed":false,"content-type":"","footnotes":""},"class_list":["post-16617","page","type-page","status-publish","hentry"],"acf":[],"_links":{"self":[{"href":"https:\/\/congolobilelo.com\/IN\/wp-json\/wp\/v2\/pages\/16617","targetHints":{"allow":["GET"]}}],"collection":[{"href":"https:\/\/congolobilelo.com\/IN\/wp-json\/wp\/v2\/pages"}],"about":[{"href":"https:\/\/congolobilelo.com\/IN\/wp-json\/wp\/v2\/types\/page"}],"author":[{"embeddable":true,"href":"https:\/\/congolobilelo.com\/IN\/wp-json\/wp\/v2\/users\/1"}],"replies":[{"embeddable":true,"href":"https:\/\/congolobilelo.com\/IN\/wp-json\/wp\/v2\/comments?post=16617"}],"version-history":[{"count":7,"href":"https:\/\/congolobilelo.com\/IN\/wp-json\/wp\/v2\/pages\/16617\/revisions"}],"predecessor-version":[{"id":16868,"href":"https:\/\/congolobilelo.com\/IN\/wp-json\/wp\/v2\/pages\/16617\/revisions\/16868"}],"wp:attachment":[{"href":"https:\/\/congolobilelo.com\/IN\/wp-json\/wp\/v2\/media?parent=16617"}],"curies":[{"name":"wp","href":"https:\/\/api.w.org\/{rel}","templated":true}]}}

<div class="wpb-content-wrapper"><p>[vc_row heading_color=&#8221;light&#8221; bg_type=&#8221;image&#8221; bg_image=&#8221;16587&#8243; bg_image_type=&#8221;horizontal-parallax-lr&#8221; bg_image_size=&#8221;full&#8221; color_overlay=&#8221;dark&#8221; font_color=&#8221;#ffffff&#8221; min_height=&#8221;200&#8243;][vc_column column_effect=&#8221;mouse-move-x-y&#8221; column_effect_invert=&#8221;true&#8221; width=&#8221;1/2&#8243;]<div class="grve-empty-space grve-height-3x" style=""></div><h1 class="grve-element grve-title grve-align-left grve-animated-item grve-duration-normal grve-fade-in-left grve-h1 grve-increase-heading grve-heading-300" style="margin-bottom: 0px;" data-delay="200"><span>Enjeux</span></h1>[vc_column_text css=&#8221;&#8221; text_style=&#8221;leader-text&#8221; animation=&#8221;grve-fade-in-up&#8221; animation_delay=&#8221;600&#8243;]Ingeta.com aborde une multitude de sujets concernant le Congo-Kinshasa et met l&#8217;accès sur les enjeux principaux du pays.[/vc_column_text][/vc_column][vc_column width=&#8221;1/2&#8243;][/vc_column][/vc_row][vc_row section_type=&#8221;fullwidth&#8221; padding_top_multiplier=&#8221;&#8221; padding_bottom_multiplier=&#8221;&#8221; columns_gap=&#8221;none&#8221;][vc_column]<div class="grve-element grve-image-text grve-animated-item grve-fade-in-up grve-duration-normal grve-layout-1 grve-align-left" style="" data-delay="200"><div class="grve-image grve-position-left"><img loading="lazy" decoding="async" width="1280" height="841" src="https://congolobilelo.com/IN/wp-content/uploads/2024/11/Comprendre-la-guerre.jpg" class="attachment-full size-full" alt="" srcset="https://congolobilelo.com/IN/wp-content/uploads/2024/11/Comprendre-la-guerre.jpg 1280w, https://congolobilelo.com/IN/wp-content/uploads/2024/11/Comprendre-la-guerre-300x197.jpg 300w, https://congolobilelo.com/IN/wp-content/uploads/2024/11/Comprendre-la-guerre-1024x673.jpg 1024w, https://congolobilelo.com/IN/wp-content/uploads/2024/11/Comprendre-la-guerre-768x505.jpg 768w" sizes="auto, (max-width: 1280px) 100vw, 1280px" /></div>  <div class="grve-content grve-position-right grve-align-left"><h3 class="grve-title grve-heading-color grve-h3">Comprendre la guerre</h3>  <p class="grve-description">Parce que nous devons mieux comprendre les véritables enjeux de la guerre (multiforme) en République Démocratique du Congo pour mieux agir.</p><a href="https://congolobilelo.com/IN/enjeux/comprendre/" title="Comprendre la guerre" class="grve-link-text grve-read-more ">Accédez aux articles</a>  </div></div><div class="grve-element grve-image-text grve-animated-item grve-fade-in-up grve-duration-normal grve-layout-1 grve-align-right" style="" data-delay="300"><div class="grve-image grve-position-right"><img loading="lazy" decoding="async" width="1024" height="683" src="https://congolobilelo.com/IN/wp-content/uploads/2024/11/Refonder-le-Congo.jpg" class="attachment-full size-full" alt="" srcset="https://congolobilelo.com/IN/wp-content/uploads/2024/11/Refonder-le-Congo.jpg 1024w, https://congolobilelo.com/IN/wp-content/uploads/2024/11/Refonder-le-Congo-300x200.jpg 300w, https://congolobilelo.com/IN/wp-content/uploads/2024/11/Refonder-le-Congo-768x512.jpg 768w" sizes="auto, (max-width: 1024px) 100vw, 1024px" /></div>  <div class="grve-content grve-position-left grve-align-left"><h3 class="grve-title grve-heading-color grve-h3">Refonder le Congo</h3>  <p class="grve-description">Parce que nous devons refonder les liens et les relations entre Congolais. Parce que nous avons besoin d’un leadership responsable, collaboratif et visionnaire.</p><a href="https://congolobilelo.com/IN/enjeux/refonder/" title="Refonder le Congo" class="grve-link-text grve-read-more ">Accédez aux articles</a>  </div></div>[/vc_column][/vc_row][vc_row section_type=&#8221;fullwidth&#8221; padding_top_multiplier=&#8221;&#8221; padding_bottom_multiplier=&#8221;&#8221; columns_gap=&#8221;none&#8221;][vc_column]<div class="grve-element grve-image-text grve-animated-item grve-fade-in-up grve-duration-normal grve-layout-1 grve-align-left" style="" data-delay="200"><div class="grve-image grve-position-left"><img loading="lazy" decoding="async" width="960" height="720" src="https://congolobilelo.com/IN/wp-content/uploads/2024/11/Gagner-la-bataille-des-idees.jpg" class="attachment-full size-full" alt="" srcset="https://congolobilelo.com/IN/wp-content/uploads/2024/11/Gagner-la-bataille-des-idees.jpg 960w, https://congolobilelo.com/IN/wp-content/uploads/2024/11/Gagner-la-bataille-des-idees-300x225.jpg 300w, https://congolobilelo.com/IN/wp-content/uploads/2024/11/Gagner-la-bataille-des-idees-768x576.jpg 768w, https://congolobilelo.com/IN/wp-content/uploads/2024/11/Gagner-la-bataille-des-idees-560x420.jpg 560w, https://congolobilelo.com/IN/wp-content/uploads/2024/11/Gagner-la-bataille-des-idees-900x675.jpg 900w" sizes="auto, (max-width: 960px) 100vw, 960px" /></div>  <div class="grve-content grve-position-right grve-align-left"><h3 class="grve-title grve-heading-color grve-h3">Gagner la bataille des idées</h3>  <p class="grve-description">Parce que la grande révolution que nous devons mener est idéologique. Parce que nous devons définir une vision, un agenda, des protocoles.</p><a href="https://congolobilelo.com/IN/enjeux/gagner/" title="Gagner la guerre des idées" class="grve-link-text grve-read-more ">Accédez aux articles</a>  </div></div><div class="grve-element grve-image-text grve-animated-item grve-fade-in-up grve-duration-normal grve-layout-1 grve-align-right" style="" data-delay="300"><div class="grve-image grve-position-right"><img loading="lazy" decoding="async" width="1600" height="1059" src="https://congolobilelo.com/IN/wp-content/uploads/2024/11/Reconquerir-nos-terres.jpg" class="attachment-full size-full" alt="" srcset="https://congolobilelo.com/IN/wp-content/uploads/2024/11/Reconquerir-nos-terres.jpg 1600w, https://congolobilelo.com/IN/wp-content/uploads/2024/11/Reconquerir-nos-terres-300x199.jpg 300w, https://congolobilelo.com/IN/wp-content/uploads/2024/11/Reconquerir-nos-terres-1024x678.jpg 1024w, https://congolobilelo.com/IN/wp-content/uploads/2024/11/Reconquerir-nos-terres-768x508.jpg 768w, https://congolobilelo.com/IN/wp-content/uploads/2024/11/Reconquerir-nos-terres-1536x1017.jpg 1536w" sizes="auto, (max-width: 1600px) 100vw, 1600px" /></div>  <div class="grve-content grve-position-left grve-align-left"><h3 class="grve-title grve-heading-color grve-h3">Reconquérir nos terres</h3>  <p class="grve-description">Parce que nous devons lier la question de la souveraineté, à la question de la terre, de l’enracinement.</p><a href="https://congolobilelo.com/IN/enjeux/reconquerir/" title="Reconquérir nos terres" class="grve-link-text grve-read-more ">Accédez aux articles</a>  </div></div>[/vc_column][/vc_row][vc_row section_type=&#8221;fullwidth&#8221; padding_top_multiplier=&#8221;&#8221; padding_bottom_multiplier=&#8221;&#8221; columns_gap=&#8221;none&#8221;][vc_column]<div class="grve-element grve-image-text grve-animated-item grve-fade-in-up grve-duration-normal grve-layout-1 grve-align-left" style="" data-delay="200"><div class="grve-image grve-position-left"><img loading="lazy" decoding="async" width="960" height="678" src="https://congolobilelo.com/IN/wp-content/uploads/2024/11/Restaurer-la-dignite.jpg" class="attachment-full size-full" alt="" srcset="https://congolobilelo.com/IN/wp-content/uploads/2024/11/Restaurer-la-dignite.jpg 960w, https://congolobilelo.com/IN/wp-content/uploads/2024/11/Restaurer-la-dignite-300x212.jpg 300w, https://congolobilelo.com/IN/wp-content/uploads/2024/11/Restaurer-la-dignite-768x542.jpg 768w" sizes="auto, (max-width: 960px) 100vw, 960px" /></div>  <div class="grve-content grve-position-right grve-align-left"><h3 class="grve-title grve-heading-color grve-h3">Restaurer la dignité</h3>  <p class="grve-description">Parce que nous devons nous engager dans une révolution de valeurs. Parce que nous devons nous organiser de manière à défendre nos droits et notre dignité.</p><a href="https://congolobilelo.com/IN/enjeux/restaurer/" title="Restaurer la dignité" class="grve-link-text grve-read-more ">Accédez aux articles</a>  </div></div><div class="grve-element grve-image-text grve-animated-item grve-fade-in-up grve-duration-normal grve-layout-1 grve-align-right" style="" data-delay="300"><div class="grve-image grve-position-right"><img loading="lazy" decoding="async" width="2560" height="1700" src="https://congolobilelo.com/IN/wp-content/uploads/2024/11/Travailler-au-panafricanisme-des-peuples-scaled.jpg" class="attachment-full size-full" alt="" srcset="https://congolobilelo.com/IN/wp-content/uploads/2024/11/Travailler-au-panafricanisme-des-peuples-scaled.jpg 2560w, https://congolobilelo.com/IN/wp-content/uploads/2024/11/Travailler-au-panafricanisme-des-peuples-300x199.jpg 300w, https://congolobilelo.com/IN/wp-content/uploads/2024/11/Travailler-au-panafricanisme-des-peuples-1024x680.jpg 1024w, https://congolobilelo.com/IN/wp-content/uploads/2024/11/Travailler-au-panafricanisme-des-peuples-768x510.jpg 768w, https://congolobilelo.com/IN/wp-content/uploads/2024/11/Travailler-au-panafricanisme-des-peuples-1536x1020.jpg 1536w, https://congolobilelo.com/IN/wp-content/uploads/2024/11/Travailler-au-panafricanisme-des-peuples-1920x1275.jpg 1920w" sizes="auto, (max-width: 2560px) 100vw, 2560px" /></div>  <div class="grve-content grve-position-left grve-align-left"><h3 class="grve-title grve-heading-color grve-h3">Travailler au panafricanisme des peuples</h3>  <p class="grve-description">Parce que le devenir de l’Afrique dépend en grande partie de ce que les Congolais, avec les autres africains, pourront faire du Congo.</p><a href="https://congolobilelo.com/IN/enjeux/reconquerir/" title="Reconquérir nos terres" class="grve-link-text grve-read-more ">Accédez aux articles</a>  </div></div>[/vc_column][/vc_row]</p>
</div>

<p>[vc_row heading_color=&#8221;light&#8221; bg_type=&#8221;image&#8221; bg_image=&#8221;16587&#8243; bg_image_type=&#8221;horizontal-parallax-lr&#8221; bg_image_size=&#8221;full&#8221; color_overlay=&#8221;dark&#8221; font_color=&#8221;#ffffff&#8221; min_height=&#8221;200&#8243;][vc_column column_effect=&#8221;mouse-move-x-y&#8221; column_effect_invert=&#8221;true&#8221; width=&#8221;1/2&#8243;][vc_column_text css=&#8221;&#8221; text_style=&#8221;leader-text&#8221; animation=&#8221;grve-fade-in-up&#8221; animation_delay=&#8221;600&#8243;]Ingeta.com aborde une multitude de sujets concernant le Congo-Kinshasa et met l&#8217;accès sur les enjeux principaux du pays.[/vc_column_text][/vc_column][vc_column width=&#8221;1/2&#8243;][/vc_column][/vc_row][vc_row section_type=&#8221;fullwidth&#8221; padding_top_multiplier=&#8221;&#8221; padding_bottom_multiplier=&#8221;&#8221; columns_gap=&#8221;none&#8221;][vc_column][/vc_column][/vc_row][vc_row section_type=&#8221;fullwidth&#8221; padding_top_multiplier=&#8221;&#8221; padding_bottom_multiplier=&#8221;&#8221; columns_gap=&#8221;none&#8221;][vc_column][/vc_column][/vc_row][vc_row section_type=&#8221;fullwidth&#8221; padding_top_multiplier=&#8221;&#8221; padding_bottom_multiplier=&#8221;&#8221; columns_gap=&#8221;none&#8221;][vc_column][/vc_column][/vc_row]</p>
