{"id":16409,"date":"2020-04-27T18:39:43","date_gmt":"2020-04-27T18:39:43","guid":{"rendered":"http:\/\/www.ingeta.com\/?page_id=11958"},"modified":"2020-04-27T18:39:43","modified_gmt":"2020-04-27T18:39:43","slug":"livre","status":"publish","type":"page","link":"https:\/\/congolobilelo.com\/IN\/livre\/","title":{"rendered":"#Ingeta"},"content":{"rendered":"<div class=\"wpb-content-wrapper\"><p>[vc_row][vc_column width=&#8221;1\/2&#8243;][vc_empty_space][vc_single_image image=&#8221;12078&#8243; img_size=&#8221;large&#8221;][\/vc_column][vc_column width=&#8221;1\/2&#8243;][vc_empty_space][vc_column_text]Dans le film <em>The Great Debaters <\/em>qui relate, dans les ann\u00e9es 1930 aux USA, le parcours d\u2019une \u00e9quipe d&#8217;\u00e9tudiants noirs d\u00e9batteurs, sous fond de racisme, Denzel Washington, acteur principal et r\u00e9alisateur du film, attire notre attention sur la n\u00e9cessit\u00e9 de disposer de notre propre dictionnaire. En effet, au moment o\u00f9 il s\u00e9lectionne son \u00e9quipe de d\u00e9batteurs qui va devoir affronter les diff\u00e9rentes universit\u00e9s du pays, il leur dit qu&#8217;ils doivent cr\u00e9er leur propre dictionnaire. Voil\u00e0 ce qu&#8217;il leur dit exactement:<\/p>\n<p>\u00abR\u00e9digez votre propre dictionnaire et consid\u00e9rez qu&#8217;il s&#8217;agit pour vous d&#8217;un nouveau d\u00e9part.\u00bb Dans le contexte de la guerre id\u00e9ologique qui est men\u00e9e contre les Congolais et les Africains, et la bataille des id\u00e9es que nous nous devons de remporter, c&#8217;est exactement ce que nous avons fait avec ce lexique que nous vous proposons.<\/p>\n<p>A travers les termes que nous avons s\u00e9lectionn\u00e9s et avons red\u00e9finis, sur la base de pr\u00e8s de 200 interventions vid\u00e9os de l&#8217;abb\u00e9 Mbelu, nous nous sommes efforc\u00e9s de donner des cl\u00e9s pour mieux comprendre le monde dans lequel nous vivons et ce qui nous arrive collectivement d\u2019une part, et de sugg\u00e9rer des pistes de solutions pour aider les peuples congolais et africains \u00e0 sortir du syst\u00e8me destructeur et mortif\u00e8re dans lequel ils sont plong\u00e9s, d\u2019autre part.<\/p>\n<p>Et ce travail d&#8217;analyse et de d\u00e9cryptage que nous avons r\u00e9alis\u00e9 doit avoir pour cons\u00e9quence ce nouveau d\u00e9part dont il est question. Ce nouveau d\u00e9part est tout simplement l&#8217;insurrection des consciences dont nous avons besoin, cette capacit\u00e9 d\u2019indignation pouvant conduire aux actions collectives de r\u00e9invention de notre devenir. Si le livre <em>A quand le Congo?<\/em> est une bo\u00eete \u00e0 outils et id\u00e9es pour r\u00e9inventer le Congo et l&#8217;Afrique, ce livre, <em>#Ingeta. Dictionnaire citoyen pour une insurrection des consciences<\/em>, est la boussole qui vous guide et oriente dans cette perspective.<\/p>\n<p><strong>Sortie: D\u00e9cembre 2017.<\/strong>[\/vc_column_text][\/vc_column][\/vc_row][vc_row][vc_column][dfd_spacer screen_wide_resolution=&#8221;1280&#8243; screen_wide_spacer_size=&#8221;20&#8243; screen_normal_resolution=&#8221;1024&#8243; screen_tablet_resolution=&#8221;800&#8243; screen_mobile_resolution=&#8221;480&#8243;][vc_separator style=&#8221;dotted&#8221;][dfd_spacer screen_wide_resolution=&#8221;1280&#8243; screen_wide_spacer_size=&#8221;20&#8243; screen_normal_resolution=&#8221;1024&#8243; screen_tablet_resolution=&#8221;800&#8243; screen_mobile_resolution=&#8221;480&#8243;][\/vc_column][\/vc_row][vc_row][vc_column width=&#8221;1\/3&#8243;][vc_column_text]<!-- ### Begin BoD ShopWidget --><\/p>\n<div id=\"bodShopWidget_2212644_print\" class=\"bodShopWidget\"><\/div>\n<p><script type=\"text\/javascript\">if(typeof checkLibExist == \"undefined\"){var script = document.createElement(\"script\");script.src =\"\/\/www.bod.fr\/public\/js\/bod\/v1.1\/shopWidget.min.js\";script.type = \"text\/javascript\";document.head.appendChild(script);var checkLibExist = true;}if(typeof books === \"undefined\") var books=[];books.push({\"objID\":\"2212644\",\"swKey\":\"f749dd4284923dc3f250233ee917c650\",\"type\":\"print\",\"size\":\"large\",\"font\":\"nonSerif\",\"shadow\":true,\"contour\":true,\"coverContour\":true,\"fontColor\":\"#000000\",\"contourColor\":\"#000000\",\"shadowBtn\":true,\"contourBtn\":false,\"bgColor\":\"#ffffff\",\"btnFontColor\":\"#ffffff\",\"btnColor\":\"#0080ff\",\"btnContourColor\":\"#0080ff\",\"shop\":\"fr\",\"mandantShopUrl\":\"https:\/\/www.bod.fr\/librairie\",\"lang\":\"fr\"});<\/script><br \/>\n<!-- ### End BoD ShopWidget -->[\/vc_column_text][\/vc_column][vc_column width=&#8221;1\/3&#8243;][vc_column_text]<strong>Cr\u00e9dits<\/strong><br \/>\nAuteur: Jean-Pierre Mbelu<br \/>\nCo-Auteur: Kambale Musavuli (Postface)<br \/>\nCo-Auteur: Esimba Ifonge (Pr\u00e9face)<\/p>\n<p>Editeur: Congo Lobi Lelo<br \/>\nConception &amp; r\u00e9alisation: Illmatik Conseil<\/p>\n<p>Illustration (couverture): M. Kadima\/Kadimart<\/p>\n<p>&#8212;&#8212;<br \/>\n<strong>El\u00e9ments techniques<\/strong><\/p>\n<p>ISBN : 9782955726624 (version papier)<br \/>\nDimensions : 135*215 mm<br \/>\nNombre de pages : 288 pages<br \/>\nPrix : 20 euros (version papier), 9.99 euros (version num\u00e9rique)<\/p>\n<p><a href=\"http:\/\/congolobilelo.com\/ingeta\/\" target=\"_blank\" rel=\"noopener noreferrer\">congolobilelo.com\/ingeta\/<\/a>[\/vc_column_text][\/vc_column][vc_column width=&#8221;1\/3&#8243;][vc_column_text]<!-- ### Begin BoD ShopWidget --><\/p>\n<div id=\"bodShopWidget_2212644_ebook\" class=\"bodShopWidget\"><\/div>\n<p><script type=\"text\/javascript\">if(typeof checkLibExist == \"undefined\"){var script = document.createElement(\"script\");script.src =\"\/\/www.bod.fr\/public\/js\/bod\/v1.1\/shopWidget.min.js\";script.type = \"text\/javascript\";document.head.appendChild(script);var checkLibExist = true;}if(typeof books === \"undefined\") var books=[];books.push({\"objID\":\"2212644\",\"swKey\":\"f749dd4284923dc3f250233ee917c650\",\"type\":\"ebook\",\"size\":\"large\",\"font\":\"nonSerif\",\"shadow\":true,\"contour\":true,\"coverContour\":true,\"fontColor\":\"#000000\",\"contourColor\":\"#000000\",\"shadowBtn\":true,\"contourBtn\":false,\"bgColor\":\"#ffffff\",\"btnFontColor\":\"#ffffff\",\"btnColor\":\"#0080ff\",\"btnContourColor\":\"#0080ff\",\"shop\":\"fr\",\"mandantShopUrl\":\"https:\/\/www.bod.fr\/librairie\",\"lang\":\"fr\"});<\/script><br \/>\n<!-- ### End BoD ShopWidget -->[\/vc_column_text][\/vc_column][\/vc_row][vc_row][vc_column][dfd_spacer screen_wide_resolution=&#8221;1280&#8243; screen_wide_spacer_size=&#8221;20&#8243; screen_normal_resolution=&#8221;1024&#8243; screen_tablet_resolution=&#8221;800&#8243; screen_mobile_resolution=&#8221;480&#8243;][\/vc_column][\/vc_row]<\/p>\n<\/div>","protected":false},"excerpt":{"rendered":"<p>[vc_row][vc_column width=&#8221;1\/2&#8243;][vc_empty_space][vc_single_image image=&#8221;12078&#8243; img_size=&#8221;large&#8221;][\/vc_column][vc_column width=&#8221;1\/2&#8243;][vc_empty_space][vc_column_text]Dans le film The Great Debaters qui relate, dans les ann\u00e9es 1930 aux USA, le parcours d\u2019une \u00e9quipe d&#8217;\u00e9tudiants noirs d\u00e9batteurs, sous fond de racisme, Denzel Washington, acteur principal et r\u00e9alisateur du film, attire notre attention sur la n\u00e9cessit\u00e9 de disposer de notre propre dictionnaire. En effet, au moment o\u00f9 il [&hellip;]<\/p>\n","protected":false},"author":1,"featured_media":14484,"parent":0,"menu_order":0,"comment_status":"closed","ping_status":"closed","template":"page-custom-with-header.php","meta":{"_acf_changed":false,"content-type":"","footnotes":""},"class_list":["post-16409","page","type-page","status-publish","has-post-thumbnail","hentry"],"acf":[],"_links":{"self":[{"href":"https:\/\/congolobilelo.com\/IN\/wp-json\/wp\/v2\/pages\/16409","targetHints":{"allow":["GET"]}}],"collection":[{"href":"https:\/\/congolobilelo.com\/IN\/wp-json\/wp\/v2\/pages"}],"about":[{"href":"https:\/\/congolobilelo.com\/IN\/wp-json\/wp\/v2\/types\/page"}],"author":[{"embeddable":true,"href":"https:\/\/congolobilelo.com\/IN\/wp-json\/wp\/v2\/users\/1"}],"replies":[{"embeddable":true,"href":"https:\/\/congolobilelo.com\/IN\/wp-json\/wp\/v2\/comments?post=16409"}],"version-history":[{"count":0,"href":"https:\/\/congolobilelo.com\/IN\/wp-json\/wp\/v2\/pages\/16409\/revisions"}],"wp:featuredmedia":[{"embeddable":true,"href":"https:\/\/congolobilelo.com\/IN\/wp-json\/"}],"wp:attachment":[{"href":"https:\/\/congolobilelo.com\/IN\/wp-json\/wp\/v2\/media?parent=16409"}],"curies":[{"name":"wp","href":"https:\/\/api.w.org\/{rel}","templated":true}]}}

<div class="wpb-content-wrapper"><p>[vc_row][vc_column width=&#8221;1/2&#8243;][vc_empty_space][vc_single_image image=&#8221;12078&#8243; img_size=&#8221;large&#8221;][/vc_column][vc_column width=&#8221;1/2&#8243;][vc_empty_space][vc_column_text]Dans le film <em>The Great Debaters </em>qui relate, dans les années 1930 aux USA, le parcours d’une équipe d&#8217;étudiants noirs débatteurs, sous fond de racisme, Denzel Washington, acteur principal et réalisateur du film, attire notre attention sur la nécessité de disposer de notre propre dictionnaire. En effet, au moment où il sélectionne son équipe de débatteurs qui va devoir affronter les différentes universités du pays, il leur dit qu&#8217;ils doivent créer leur propre dictionnaire. Voilà ce qu&#8217;il leur dit exactement:</p>
<p>«Rédigez votre propre dictionnaire et considérez qu&#8217;il s&#8217;agit pour vous d&#8217;un nouveau départ.» Dans le contexte de la guerre idéologique qui est menée contre les Congolais et les Africains, et la bataille des idées que nous nous devons de remporter, c&#8217;est exactement ce que nous avons fait avec ce lexique que nous vous proposons.</p>
<p>A travers les termes que nous avons sélectionnés et avons redéfinis, sur la base de près de 200 interventions vidéos de l&#8217;abbé Mbelu, nous nous sommes efforcés de donner des clés pour mieux comprendre le monde dans lequel nous vivons et ce qui nous arrive collectivement d’une part, et de suggérer des pistes de solutions pour aider les peuples congolais et africains à sortir du système destructeur et mortifère dans lequel ils sont plongés, d’autre part.</p>
<p>Et ce travail d&#8217;analyse et de décryptage que nous avons réalisé doit avoir pour conséquence ce nouveau départ dont il est question. Ce nouveau départ est tout simplement l&#8217;insurrection des consciences dont nous avons besoin, cette capacité d’indignation pouvant conduire aux actions collectives de réinvention de notre devenir. Si le livre <em>A quand le Congo?</em> est une boîte à outils et idées pour réinventer le Congo et l&#8217;Afrique, ce livre, <em>#Ingeta. Dictionnaire citoyen pour une insurrection des consciences</em>, est la boussole qui vous guide et oriente dans cette perspective.</p>
<p><strong>Sortie: Décembre 2017.</strong>[/vc_column_text][/vc_column][/vc_row][vc_row][vc_column][dfd_spacer screen_wide_resolution=&#8221;1280&#8243; screen_wide_spacer_size=&#8221;20&#8243; screen_normal_resolution=&#8221;1024&#8243; screen_tablet_resolution=&#8221;800&#8243; screen_mobile_resolution=&#8221;480&#8243;][vc_separator style=&#8221;dotted&#8221;][dfd_spacer screen_wide_resolution=&#8221;1280&#8243; screen_wide_spacer_size=&#8221;20&#8243; screen_normal_resolution=&#8221;1024&#8243; screen_tablet_resolution=&#8221;800&#8243; screen_mobile_resolution=&#8221;480&#8243;][/vc_column][/vc_row][vc_row][vc_column width=&#8221;1/3&#8243;][vc_column_text]<!-- ### Begin BoD ShopWidget --></p>
<div id="bodShopWidget_2212644_print" class="bodShopWidget"></div>
<p><script type="text/javascript">if(typeof checkLibExist == "undefined"){var script = document.createElement("script");script.src ="//www.bod.fr/public/js/bod/v1.1/shopWidget.min.js";script.type = "text/javascript";document.head.appendChild(script);var checkLibExist = true;}if(typeof books === "undefined") var books=[];books.push({"objID":"2212644","swKey":"f749dd4284923dc3f250233ee917c650","type":"print","size":"large","font":"nonSerif","shadow":true,"contour":true,"coverContour":true,"fontColor":"#000000","contourColor":"#000000","shadowBtn":true,"contourBtn":false,"bgColor":"#ffffff","btnFontColor":"#ffffff","btnColor":"#0080ff","btnContourColor":"#0080ff","shop":"fr","mandantShopUrl":"https://www.bod.fr/librairie","lang":"fr"});</script><br />
<!-- ### End BoD ShopWidget -->[/vc_column_text][/vc_column][vc_column width=&#8221;1/3&#8243;][vc_column_text]<strong>Crédits</strong><br />
Auteur: Jean-Pierre Mbelu<br />
Co-Auteur: Kambale Musavuli (Postface)<br />
Co-Auteur: Esimba Ifonge (Préface)</p>
<p>Editeur: Congo Lobi Lelo<br />
Conception &amp; réalisation: Illmatik Conseil</p>
<p>Illustration (couverture): M. Kadima/Kadimart</p>
<p>&#8212;&#8212;<br />
<strong>Eléments techniques</strong></p>
<p>ISBN : 9782955726624 (version papier)<br />
Dimensions : 135*215 mm<br />
Nombre de pages : 288 pages<br />
Prix : 20 euros (version papier), 9.99 euros (version numérique)</p>
<p><a href="http://congolobilelo.com/ingeta/" target="_blank" rel="noopener noreferrer">congolobilelo.com/ingeta/</a>[/vc_column_text][/vc_column][vc_column width=&#8221;1/3&#8243;][vc_column_text]<!-- ### Begin BoD ShopWidget --></p>
<div id="bodShopWidget_2212644_ebook" class="bodShopWidget"></div>
<p><script type="text/javascript">if(typeof checkLibExist == "undefined"){var script = document.createElement("script");script.src ="//www.bod.fr/public/js/bod/v1.1/shopWidget.min.js";script.type = "text/javascript";document.head.appendChild(script);var checkLibExist = true;}if(typeof books === "undefined") var books=[];books.push({"objID":"2212644","swKey":"f749dd4284923dc3f250233ee917c650","type":"ebook","size":"large","font":"nonSerif","shadow":true,"contour":true,"coverContour":true,"fontColor":"#000000","contourColor":"#000000","shadowBtn":true,"contourBtn":false,"bgColor":"#ffffff","btnFontColor":"#ffffff","btnColor":"#0080ff","btnContourColor":"#0080ff","shop":"fr","mandantShopUrl":"https://www.bod.fr/librairie","lang":"fr"});</script><br />
<!-- ### End BoD ShopWidget -->[/vc_column_text][/vc_column][/vc_row][vc_row][vc_column][dfd_spacer screen_wide_resolution=&#8221;1280&#8243; screen_wide_spacer_size=&#8221;20&#8243; screen_normal_resolution=&#8221;1024&#8243; screen_tablet_resolution=&#8221;800&#8243; screen_mobile_resolution=&#8221;480&#8243;][/vc_column][/vc_row]</p>
</div>

<p>[vc_row][vc_column width=&#8221;1/2&#8243;][vc_empty_space][vc_single_image image=&#8221;12078&#8243; img_size=&#8221;large&#8221;][/vc_column][vc_column width=&#8221;1/2&#8243;][vc_empty_space][vc_column_text]Dans le film The Great Debaters qui relate, dans les années 1930 aux USA, le parcours d’une équipe d&#8217;étudiants noirs débatteurs, sous fond de racisme, Denzel Washington, acteur principal et réalisateur du film, attire notre attention sur la nécessité de disposer de notre propre dictionnaire. En effet, au moment où il [&hellip;]</p>
